{"id":946,"date":"2024-07-08T20:38:15","date_gmt":"2024-07-08T18:38:15","guid":{"rendered":"https:\/\/oneidea.de\/?page_id=946"},"modified":"2024-07-08T20:42:36","modified_gmt":"2024-07-08T18:42:36","slug":"impressum","status":"publish","type":"page","link":"https:\/\/oneidea.de\/?page_id=946","title":{"rendered":"Impressum"},"content":{"rendered":"\t\t<div data-elementor-type=\"wp-page\" data-elementor-id=\"946\" class=\"elementor elementor-946\" data-elementor-post-type=\"page\">\n\t\t\t\t<div class=\"elementor-element elementor-element-2915e151 e-flex e-con-boxed e-con e-parent\" data-id=\"2915e151\" data-element_type=\"container\" data-settings=\"{&quot;content_width&quot;:&quot;boxed&quot;}\" data-core-v316-plus=\"true\">\n\t\t\t\t\t<div class=\"e-con-inner\">\n\t\t\t\t<div class=\"elementor-element elementor-element-857fff8 elementor-widget elementor-widget-text-editor\" data-id=\"857fff8\" data-element_type=\"widget\" data-widget_type=\"text-editor.default\">\n\t\t\t\t<div class=\"elementor-widget-container\">\n\t\t\t<style>\/*! elementor - v3.19.0 - 07-02-2024 *\/\n.elementor-widget-text-editor.elementor-drop-cap-view-stacked .elementor-drop-cap{background-color:#69727d;color:#fff}.elementor-widget-text-editor.elementor-drop-cap-view-framed .elementor-drop-cap{color:#69727d;border:3px solid;background-color:transparent}.elementor-widget-text-editor:not(.elementor-drop-cap-view-default) .elementor-drop-cap{margin-top:8px}.elementor-widget-text-editor:not(.elementor-drop-cap-view-default) .elementor-drop-cap-letter{width:1em;height:1em}.elementor-widget-text-editor .elementor-drop-cap{float:left;text-align:center;line-height:1;font-size:50px}.elementor-widget-text-editor .elementor-drop-cap-letter{display:inline-block}<\/style>\t\t\t\t<!-- wp:heading {\"level\":1} -->\n<h1 class=\"wp-block-heading\">Impressum<\/h1>\n<!-- \/wp:heading -->\n\n<!-- wp:heading {\"level\":3} -->\n<h3 class=\"wp-block-heading\">Angaben gem\u00e4\u00df \u00a7 5 DDG<\/h3>\n<!-- \/wp:heading -->\n\n<!-- wp:paragraph -->\n<p>Digital Beat GmbH<br>Hansaring 97<br>50670 K\u00f6ln<\/p>\n<!-- \/wp:paragraph -->\n\n<!-- wp:heading {\"level\":3} -->\n<h3 class=\"wp-block-heading\">Vertreten durch<\/h3>\n<!-- \/wp:heading -->\n\n<!-- wp:paragraph -->\n<p><a href=\"https:\/\/www.thomasklussmann.de\/\" target=\"_blank\" rel=\"noreferrer noopener\">Thomas Klu\u00dfmann<\/a>, Gesch\u00e4ftsf\u00fchrer<br>Christoph J. F. Schreiber, Gesch\u00e4ftsf\u00fchrer<\/p>\n<!-- \/wp:paragraph -->\n\n<!-- wp:heading {\"level\":3} -->\n<h3 class=\"wp-block-heading\">Kontakt:<\/h3>\n<!-- \/wp:heading -->\n\n<!-- wp:paragraph -->\n<p>Support:&nbsp;<a href=\"https:\/\/hilfe.digitalbeat.de\/?utm_source=digitalbeatdeimpressum-de&amp;utm_medium=website&amp;utm_campaign=Impressum-Website\" target=\"_blank\" rel=\"noreferrer noopener\">Schnell &amp; einfach per Helpdesk<\/a><br>E-Mail: team@digitalbeat.de<br>Telefon: 0221-82829101<\/p>\n<!-- \/wp:paragraph -->\n\n<!-- wp:heading {\"level\":3} -->\n<h3 class=\"wp-block-heading\">Registereintrag<\/h3>\n<!-- \/wp:heading -->\n\n<!-- wp:paragraph -->\n<p>Eintragung im Handelsregister<br>Registergericht: Amtsgericht K\u00f6ln<br>Registernummer: HRB 87238<\/p>\n<!-- \/wp:paragraph -->\n\n<!-- wp:heading {\"level\":3} -->\n<h3 class=\"wp-block-heading\">Umsatzsteuer-ID:<\/h3>\n<!-- \/wp:heading -->\n\n<!-- wp:paragraph -->\n<p>Umsatzsteuer-Identifikationsnummer gem\u00e4\u00df \u00a727a Umsatzsteuergesetz:<br>DE305743993<\/p>\n<!-- \/wp:paragraph -->\n\n<!-- wp:heading {\"level\":3} -->\n<h3 class=\"wp-block-heading\">Verantwortlich f\u00fcr den Inhalt nach \u00a7 55 Abs. 2 RStV:<\/h3>\n<!-- \/wp:heading -->\n\n<!-- wp:paragraph -->\n<p>Thomas Klu\u00dfmann, Hansaring 97, 50670 K\u00f6ln<\/p>\n<!-- \/wp:paragraph -->\n\n<!-- wp:heading {\"level\":3} -->\n<h3 class=\"wp-block-heading\">Hinweis auf EU-Streitschlichtung<\/h3>\n<!-- \/wp:heading -->\n\n<!-- wp:paragraph -->\n<p>Zur au\u00dfergerichtlichen Beilegung von verbraucherrechtlichen Streitigkeiten hat die Europ\u00e4ische Union eine Online-Plattform (\u201cOS-Plattform\u201d) eingerichtet, an die Sie sich wenden k\u00f6nnen. Die Plattform finden Sie unter https:\/\/ec.europa.eu\/consumers\/odr. Unsere Emailadresse finden Sie vorgenannt.<\/p>\n<!-- \/wp:paragraph -->\n\n<!-- wp:heading {\"level\":3} -->\n<h3 class=\"wp-block-heading\">Allgemeine Gesch\u00e4ftsbedingungen<\/h3>\n<!-- \/wp:heading -->\n\n<!-- wp:paragraph -->\n<p>Alle Bestellungen werden \u00fcber unseren Zahlungsdienstleister \u201eDigiStore24 GmbH\u201c durchgef\u00fchrt. Hierf\u00fcr gelten die jeweiligen AGBs des Anbieters, welche Sie hier einsehen k\u00f6nnen: www.digistore24.com\/legal\/terms<\/p>\n<!-- \/wp:paragraph -->\n\n<!-- wp:heading {\"level\":3} -->\n<h3 class=\"wp-block-heading\">Datenschutzerkl\u00e4rung<\/h3>\n<!-- \/wp:heading -->\n\n<!-- wp:paragraph -->\n<p>Unsere&nbsp;<a href=\"https:\/\/digitalbeat.de\/datenschutz\/\">Datenschutzerkl\u00e4rung<\/a>&nbsp;findest du auf dieser separaten Seite.<\/p>\n<!-- \/wp:paragraph -->\n\n<!-- wp:heading {\"level\":3} -->\n<h3 class=\"wp-block-heading\">Online-Streitbeilegung<\/h3>\n<!-- \/wp:heading -->\n\n<!-- wp:paragraph -->\n<p>Online-Streitbeilegung gem\u00e4\u00df Art. 14 Abs. 1 ODR-VO: Die Europ\u00e4ische Kommission stellt eine Plattform zur Online-Streitbeilegung (OS) bereit, die Sie unter https:\/\/ec.europa.eu\/consumers\/odr finden.<\/p>\n<!-- \/wp:paragraph -->\n\n<!-- wp:heading {\"level\":3} -->\n<h3 class=\"wp-block-heading\">Haftungsausschluss<\/h3>\n<!-- \/wp:heading -->\n\n<!-- wp:heading {\"level\":4} -->\n<h4 class=\"wp-block-heading\">Haftung f\u00fcr Inhalte<\/h4>\n<!-- \/wp:heading -->\n\n<!-- wp:paragraph -->\n<p>Die Inhalte unserer Seiten wurden mit gr\u00f6\u00dfter Sorgfalt erstellt. F\u00fcr die Richtigkeit, Vollst\u00e4ndigkeit und Aktualit\u00e4t der Inhalte k\u00f6nnen wir jedoch keine Gew\u00e4hr \u00fcbernehmen. Als Diensteanbieter sind wir gem\u00e4\u00df \u00a7 7 Abs.1 TMG f\u00fcr eigene Inhalte auf diesen Seiten nach den allgemeinen Gesetzen verantwortlich. Nach \u00a7\u00a7 8 bis 10 TMG sind wir als Diensteanbieter jedoch nicht verpflichtet, \u00fcbermittelte oder gespeicherte fremde Informationen zu \u00fcberwachen oder nach Umst\u00e4nden zu forschen, die auf eine rechtswidrige T\u00e4tigkeit hinweisen. Verpflichtungen zur Entfernung oder Sperrung der Nutzung von Informationen nach den allgemeinen Gesetzen bleiben hiervon unber\u00fchrt. Eine diesbez\u00fcgliche Haftung ist jedoch erst ab dem Zeitpunkt der Kenntnis einer konkreten Rechtsverletzung m\u00f6glich. Bei Bekanntwerden von entsprechenden Rechtsverletzungen werden wir diese Inhalte umgehend entfernen.<\/p>\n<!-- \/wp:paragraph -->\n\n<!-- wp:heading {\"level\":4} -->\n<h4 class=\"wp-block-heading\">Haftung f\u00fcr Links<\/h4>\n<!-- \/wp:heading -->\n\n<!-- wp:paragraph -->\n<p>Unser Angebot enth\u00e4lt Links zu externen Webseiten Dritter, auf deren Inhalte wir keinen Einfluss haben. Deshalb k\u00f6nnen wir f\u00fcr diese fremden Inhalte auch keine Gew\u00e4hr \u00fcbernehmen. F\u00fcr die Inhalte der verlinkten Seiten ist stets der jeweilige Anbieter oder Betreiber der Seiten verantwortlich. Die verlinkten Seiten wurden zum Zeitpunkt der Verlinkung auf m\u00f6gliche Rechtsverst\u00f6\u00dfe \u00fcberpr\u00fcft. Rechtswidrige Inhalte waren zum Zeitpunkt der Verlinkung nicht erkennbar. Eine permanente inhaltliche Kontrolle der verlinkten Seiten ist jedoch ohne konkrete Anhaltspunkte einer Rechtsverletzung nicht zumutbar. Bei Bekanntwerden von Rechtsverletzungen werden wir derartige Links umgehend entfernen.<\/p>\n<!-- \/wp:paragraph -->\n\n<!-- wp:heading {\"level\":4} -->\n<h4 class=\"wp-block-heading\">Urheberrecht<\/h4>\n<!-- \/wp:heading -->\n\n<!-- wp:paragraph -->\n<p>Die durch die Seitenbetreiber erstellten Inhalte und Werke auf diesen Seiten unterliegen dem deutschen Urheberrecht. Die Vervielf\u00e4ltigung, Bearbeitung, Verbreitung und jede Art der Verwertung au\u00dferhalb der Grenzen des Urheberrechtes bed\u00fcrfen der schriftlichen Zustimmung des jeweiligen Autors bzw. Erstellers. Downloads und Kopien dieser Seite sind nur f\u00fcr den privaten, nicht kommerziellen Gebrauch gestattet. Soweit die Inhalte auf dieser Seite nicht vom Betreiber erstellt wurden, werden die Urheberrechte Dritter beachtet. Insbesondere werden Inhalte Dritter als solche gekennzeichnet. Sollten Sie trotzdem auf eine Urheberrechtsverletzung aufmerksam werden, bitten wir um einen entsprechenden Hinweis. Bei Bekanntwerden von Rechtsverletzungen werden wir derartige Inhalte umgehend entfernen.<\/p>\n<!-- \/wp:paragraph -->\t\t\t\t\t\t<\/div>\n\t\t\t\t<\/div>\n\t\t\t\t\t<\/div>\n\t\t\t\t<\/div>\n\t\t\t\t<\/div>\n\t\t","protected":false},"excerpt":{"rendered":"<p>Impressum Angaben gem\u00e4\u00df \u00a7 5 DDG Digital Beat GmbHHansaring 9750670 K\u00f6ln Vertreten durch Thomas Klu\u00dfmann, Gesch\u00e4ftsf\u00fchrerChristoph J. F. Schreiber, Gesch\u00e4ftsf\u00fchrer Kontakt: Support:&nbsp;Schnell &amp; einfach per HelpdeskE-Mail: team@digitalbeat.deTelefon: 0221-82829101 Registereintrag Eintragung im HandelsregisterRegistergericht: Amtsgericht K\u00f6lnRegisternummer: HRB 87238 Umsatzsteuer-ID: Umsatzsteuer-Identifikationsnummer gem\u00e4\u00df \u00a727a Umsatzsteuergesetz:DE305743993 Verantwortlich f\u00fcr den Inhalt nach \u00a7 55 Abs. 2 RStV: Thomas Klu\u00dfmann, Hansaring 97, [&hellip;]<\/p>\n","protected":false},"author":9,"featured_media":0,"parent":0,"menu_order":0,"comment_status":"closed","ping_status":"open","template":"","meta":{"_acf_changed":false,"footnotes":""},"acf":[],"yoast_head":"<!-- This site is optimized with the Yoast SEO plugin v22.0 - https:\/\/yoast.com\/wordpress\/plugins\/seo\/ -->\n<title>Impressum - One Idea Mastermind<\/title>\n<meta name=\"robots\" content=\"index, follow, max-snippet:-1, max-image-preview:large, max-video-preview:-1\" \/>\n<link rel=\"canonical\" href=\"https:\/\/oneidea.de\/?page_id=946\" \/>\n<meta property=\"og:locale\" content=\"de_DE\" \/>\n<meta property=\"og:type\" content=\"article\" \/>\n<meta property=\"og:title\" content=\"Impressum - One Idea Mastermind\" \/>\n<meta property=\"og:description\" content=\"Impressum Angaben gem\u00e4\u00df \u00a7 5 DDG Digital Beat GmbHHansaring 9750670 K\u00f6ln Vertreten durch Thomas Klu\u00dfmann, Gesch\u00e4ftsf\u00fchrerChristoph J. F. Schreiber, Gesch\u00e4ftsf\u00fchrer Kontakt: Support:&nbsp;Schnell &amp; einfach per HelpdeskE-Mail: team@digitalbeat.deTelefon: 0221-82829101 Registereintrag Eintragung im HandelsregisterRegistergericht: Amtsgericht K\u00f6lnRegisternummer: HRB 87238 Umsatzsteuer-ID: Umsatzsteuer-Identifikationsnummer gem\u00e4\u00df \u00a727a Umsatzsteuergesetz:DE305743993 Verantwortlich f\u00fcr den Inhalt nach \u00a7 55 Abs. 2 RStV: Thomas Klu\u00dfmann, Hansaring 97, [&hellip;]\" \/>\n<meta property=\"og:url\" content=\"https:\/\/oneidea.de\/?page_id=946\" \/>\n<meta property=\"og:site_name\" content=\"One Idea Mastermind\" \/>\n<meta property=\"article:modified_time\" content=\"2024-07-08T18:42:36+00:00\" \/>\n<meta name=\"twitter:card\" content=\"summary_large_image\" \/>\n<meta name=\"twitter:label1\" content=\"Gesch\u00e4tzte Lesezeit\" \/>\n\t<meta name=\"twitter:data1\" content=\"3 Minuten\" \/>\n<script type=\"application\/ld+json\" class=\"yoast-schema-graph\">{\"@context\":\"https:\/\/schema.org\",\"@graph\":[{\"@type\":\"WebPage\",\"@id\":\"https:\/\/oneidea.de\/?page_id=946\",\"url\":\"https:\/\/oneidea.de\/?page_id=946\",\"name\":\"Impressum - One Idea Mastermind\",\"isPartOf\":{\"@id\":\"https:\/\/oneidea.de\/#website\"},\"datePublished\":\"2024-07-08T18:38:15+00:00\",\"dateModified\":\"2024-07-08T18:42:36+00:00\",\"breadcrumb\":{\"@id\":\"https:\/\/oneidea.de\/?page_id=946#breadcrumb\"},\"inLanguage\":\"de-DE\",\"potentialAction\":[{\"@type\":\"ReadAction\",\"target\":[\"https:\/\/oneidea.de\/?page_id=946\"]}]},{\"@type\":\"BreadcrumbList\",\"@id\":\"https:\/\/oneidea.de\/?page_id=946#breadcrumb\",\"itemListElement\":[{\"@type\":\"ListItem\",\"position\":1,\"name\":\"Startseite\",\"item\":\"https:\/\/oneidea.de\/\"},{\"@type\":\"ListItem\",\"position\":2,\"name\":\"Impressum\"}]},{\"@type\":\"WebSite\",\"@id\":\"https:\/\/oneidea.de\/#website\",\"url\":\"https:\/\/oneidea.de\/\",\"name\":\"One Idea Mastermind\",\"description\":\"\",\"potentialAction\":[{\"@type\":\"SearchAction\",\"target\":{\"@type\":\"EntryPoint\",\"urlTemplate\":\"https:\/\/oneidea.de\/?s={search_term_string}\"},\"query-input\":\"required name=search_term_string\"}],\"inLanguage\":\"de-DE\"}]}<\/script>\n<!-- \/ Yoast SEO plugin. -->","yoast_head_json":{"title":"Impressum - One Idea Mastermind","robots":{"index":"index","follow":"follow","max-snippet":"max-snippet:-1","max-image-preview":"max-image-preview:large","max-video-preview":"max-video-preview:-1"},"canonical":"https:\/\/oneidea.de\/?page_id=946","og_locale":"de_DE","og_type":"article","og_title":"Impressum - One Idea Mastermind","og_description":"Impressum Angaben gem\u00e4\u00df \u00a7 5 DDG Digital Beat GmbHHansaring 9750670 K\u00f6ln Vertreten durch Thomas Klu\u00dfmann, Gesch\u00e4ftsf\u00fchrerChristoph J. F. Schreiber, Gesch\u00e4ftsf\u00fchrer Kontakt: Support:&nbsp;Schnell &amp; einfach per HelpdeskE-Mail: team@digitalbeat.deTelefon: 0221-82829101 Registereintrag Eintragung im HandelsregisterRegistergericht: Amtsgericht K\u00f6lnRegisternummer: HRB 87238 Umsatzsteuer-ID: Umsatzsteuer-Identifikationsnummer gem\u00e4\u00df \u00a727a Umsatzsteuergesetz:DE305743993 Verantwortlich f\u00fcr den Inhalt nach \u00a7 55 Abs. 2 RStV: Thomas Klu\u00dfmann, Hansaring 97, [&hellip;]","og_url":"https:\/\/oneidea.de\/?page_id=946","og_site_name":"One Idea Mastermind","article_modified_time":"2024-07-08T18:42:36+00:00","twitter_card":"summary_large_image","twitter_misc":{"Gesch\u00e4tzte Lesezeit":"3 Minuten"},"schema":{"@context":"https:\/\/schema.org","@graph":[{"@type":"WebPage","@id":"https:\/\/oneidea.de\/?page_id=946","url":"https:\/\/oneidea.de\/?page_id=946","name":"Impressum - One Idea Mastermind","isPartOf":{"@id":"https:\/\/oneidea.de\/#website"},"datePublished":"2024-07-08T18:38:15+00:00","dateModified":"2024-07-08T18:42:36+00:00","breadcrumb":{"@id":"https:\/\/oneidea.de\/?page_id=946#breadcrumb"},"inLanguage":"de-DE","potentialAction":[{"@type":"ReadAction","target":["https:\/\/oneidea.de\/?page_id=946"]}]},{"@type":"BreadcrumbList","@id":"https:\/\/oneidea.de\/?page_id=946#breadcrumb","itemListElement":[{"@type":"ListItem","position":1,"name":"Startseite","item":"https:\/\/oneidea.de\/"},{"@type":"ListItem","position":2,"name":"Impressum"}]},{"@type":"WebSite","@id":"https:\/\/oneidea.de\/#website","url":"https:\/\/oneidea.de\/","name":"One Idea Mastermind","description":"","potentialAction":[{"@type":"SearchAction","target":{"@type":"EntryPoint","urlTemplate":"https:\/\/oneidea.de\/?s={search_term_string}"},"query-input":"required name=search_term_string"}],"inLanguage":"de-DE"}]}},"_links":{"self":[{"href":"https:\/\/oneidea.de\/index.php?rest_route=\/wp\/v2\/pages\/946"}],"collection":[{"href":"https:\/\/oneidea.de\/index.php?rest_route=\/wp\/v2\/pages"}],"about":[{"href":"https:\/\/oneidea.de\/index.php?rest_route=\/wp\/v2\/types\/page"}],"author":[{"embeddable":true,"href":"https:\/\/oneidea.de\/index.php?rest_route=\/wp\/v2\/users\/9"}],"replies":[{"embeddable":true,"href":"https:\/\/oneidea.de\/index.php?rest_route=%2Fwp%2Fv2%2Fcomments&post=946"}],"version-history":[{"count":8,"href":"https:\/\/oneidea.de\/index.php?rest_route=\/wp\/v2\/pages\/946\/revisions"}],"predecessor-version":[{"id":958,"href":"https:\/\/oneidea.de\/index.php?rest_route=\/wp\/v2\/pages\/946\/revisions\/958"}],"wp:attachment":[{"href":"https:\/\/oneidea.de\/index.php?rest_route=%2Fwp%2Fv2%2Fmedia&parent=946"}],"curies":[{"name":"wp","href":"https:\/\/api.w.org\/{rel}","templated":true}]}}